19, 127, 613
What are the prime factors of 112404?
2, 3, 17, 19, 29
What are the prime factors of 8534942?
2, 13, 463, 709
What are the prime factors of 4434761?
61, 72701
List the prime factors of 10009654.
2, 5004827
List the prime factors of 297044.
2, 11, 43, 157
What are the prime factors of 33386361?
3, 43, 258809
What are the prime factors of 870880?
2, 5, 5443
What are the prime factors of 789085?
5, 11, 14347
What are the prime factors of 162563?
162563
List the prime factors of 1491050.
2, 5, 11, 2711
List the prime factors of 396116.
2, 7, 43, 47
What are the prime factors of 814310?
2, 5, 7, 11633
List the prime factors of 172076.
2, 43019
List the prime factors of 2239990.
2, 5, 223999
What are the prime factors of 367470?
2, 3, 5, 1361
List the prime factors of 1112967.
3, 41221
What are the prime factors of 30922104?
2, 3, 1288421
List the prime factors of 11623871.
7, 1660553
What are the prime factors of 28136?
2, 3517
List the prime factors of 39519049.
39519049
What are the prime factors of 1007060?
2, 5, 43, 1171
What are the prime factors of 116293?
116293
What are the prime factors of 5257849?
2293
What are the prime factors of 578861?
578861
What are the prime factors of 1101329?
461, 2389
What are the prime factors of 540093?
3, 41, 4391
List the prime factors of 522743.
13, 79, 509
What are the prime factors of 7833063?
3, 7, 373003
List the prime factors of 506316.
2, 3, 42193
What are the prime factors of 18344390?
2, 5, 1834439
What are the prime factors of 490821?
3, 47, 59
List the prime factors of 171076.
2, 19, 2251
List the prime factors of 1821896.
2, 29, 7853
List the prime factors of 1756749.
3, 251, 2333
List the prime factors of 63225.
3, 5, 281
List the prime factors of 43589.
7, 13, 479
What are the prime factors of 1146554?
2, 573277
What are the prime factors of 387536?
2, 53, 457
What are the prime factors of 359896?
2, 44987
List the prime factors of 3095661.
3, 131, 7877
What are the prime factors of 4296331?
13, 23, 14369
What are the prime factors of 543611?
543611
What are the prime factors of 62689?
11, 41, 139
What are the prime factors of 6043444?
2, 11, 19, 7229
List the prime factors of 294636.
2, 3, 43, 571
What are the prime factors of 4582964?
2, 1145741
What are the prime factors of 6407590?
2, 5, 7, 239, 383
What are the prime factors of 289964?
2, 71, 1021
What are the prime factors of 7552722?
2, 3, 1258787
What are the prime factors of 62365?
5, 12473
List the prime factors of 5011031.
5011031
List the prime factors of 13583752.
2, 7, 13, 47, 397
What are the prime factors of 1027697?
11, 93427
What are the prime factors of 658369?
19, 34651
What are the prime factors of 22459830?
2, 3, 5, 167, 4483
What are the prime factors of 150127?
17, 8831
List the prime factors of 3486052.
2, 871513
What are the prime factors of 5417740?
2, 5, 41, 6607
What are the prime factors of 406401?
3, 135467
What are the prime factors of 1269435?
3, 5, 84629
What are the prime factors of 1016240?
2, 5, 12703
What are the prime factors of 346277?
346277
What are the prime factors of 8526916?
2, 59, 36131
What are the prime factors of 22931452?
2, 443, 12941
What are the prime factors of 3753773?
19, 197567
What are the prime factors of 127685?
5, 25537
List the prime factors of 213985.
5, 42797
What are the prime factors of 31875?
3, 5, 17
List the prime factors of 18713173.
2293, 8161
What are the prime factors of 197733?
3, 19, 3469
List the prime factors of 458483.
458483
List the prime factors of 6916959.
3, 7, 109793
What are the prime factors of 29194?
2, 11, 1327
List the prime factors of 314045.
5, 107, 587
List the prime factors of 116928.
2, 3, 7, 29
What are the prime factors of 9435?
3, 5, 17, 37
What are the prime factors of 838556?
2, 209639
List the prime factors of 6480825.
3, 5, 13, 17, 23
What are the prime factors of 674492?
2, 7, 13, 17, 109
List the prime factors of 2948286.
2, 3, 11, 31, 131
What are the prime factors of 6355773?
3, 17, 61, 227
What are the prime factors of 1238052?
2, 3, 103171
List the prime factors of 303765.
3, 5, 7, 11, 263
List the prime factors of 25602285.
3, 5, 977, 1747
What are the prime factors of 236488?
2, 7, 41, 103
List the prime factors of 1706006.
2, 47, 18149
What are the prime factors of 16363152?
2, 3, 13, 8741
List the prime factors of 146600.
2, 5, 733
List the prime factors of 1358721.
3, 7, 13, 79
What are the prime factors of 8000984?
2, 29, 34487
List the prime factors of 253778.
2, 7, 18127
What are the prime factors of 265601?
7, 19, 1997
What are the prime factors of 502503?
3, 17, 59, 167
List the prime factors of 301607.
197, 1531
What are the prime factors of 455520?
2, 3, 5, 13, 73
List the prime factors of 2155718.
2, 1077859
List the prime factors of 52089.
3, 97, 179
What are the prime factors of 4334009?
787, 5507
List the prime factors of 1287957.
3, 11, 31, 1259
List the prime factors of 119303.
53, 2251
List the prime factors of 7438680.
2, 3, 5, 20663
List the prime factors of 54743.
13, 4211
What are the prime factors of 16769802?
2, 3, 7, 399281
What are the prime factors of 350090?
2, 5, 13, 2693
List the prime factors of 182831.
11, 1511
List the prime factors of 4055794.
2, 2027897
List the prime factors of 271544.
2, 7, 13, 373
What are the prime factors of 228919?
23, 37, 269
List the prime factors of 4126617.
3, 11, 73, 571
List the prime factors of 17799899.
13, 1369223
List the prime factors of 165092.
2, 149, 277
What are the prime factors of 1347931?
13, 103687
List the prime factors of 992403.
3, 31, 3557
What are the prime factors of 57465?
3, 5, 1277
List the prime factors of 7252806.
2, 3, 11, 109891
List the prime factors of 7374065.
5, 47, 31379
What are the prime factors of 3013816?
2, 13, 28979
List the prime factors of 101538.
2, 3, 5641
What are the prime factors of 614291?
614291
What are the prime factors of 565734?
2, 3, 13, 7253
List the prime factors of 6590271.
3, 17, 129221
List the prime factors of 144868.
2, 36217
What are the prime factors of 857997?
3, 7, 13619
What are the prime factors of 467377?
191, 2447
What are the prime factors of 7007890?
2, 5, 700789
List the prime factors of 1852434.
2, 3, 102913
What are the prime factors of 4904459?
7, 101, 991
What are the prime factors of 81780?
2, 3, 5, 29, 47
What are the prime factors of 12632807?
11, 1148437
What are the prime factors of 7692307?
7, 769, 1429
What are the prime factors of 214565?
5, 13, 3301
What are the prime factors of 622318?
2, 379, 821
What are the prime factors of 52477?
97, 541
List the prime factors of 4520318.
2, 11, 18679
List the prime factors of 1817899.
41, 101, 439
What are the prime factors of 3290673?
3, 17, 113, 571
What are the prime factors of 4258451?
19, 224129
What are the prime factors of 482112?
2, 3, 31
List the prime factors of 2754548.
2, 688637
List the prime factors of 757371.
3, 252457
List the prime factors of 222783.
3, 11, 43, 157
What are the prime factors of 418588?
2, 227, 461
List the prime factors of 1162356.
2, 3, 13, 7451
What are the prime factors of 589897?
7, 11, 47, 163
List the prime factors of 392570.
2, 5, 37, 1061
List the prime factors of 698474.
2, 7, 49891
List the prime factors of 149483.
83, 1801
What are the prime factors of 1509966?
2, 3, 149, 563
What are the prime factors of 808474?
2, 149, 2713
List the prime factors of 786072.
2, 3, 7, 4679
What are the prime factors of 3298906?
2, 13, 181, 701
What are the prime factors of 206686?
2, 17, 6079
List the prime factors of 8830026.
2, 3, 101, 1619
What are the prime factors of 518971?
31, 16741
List the prime factors of 64417.
37, 1741
What are the prime factors of 13983838?
2, 11, 53, 67, 179
What are the prime factors of 230651?
263, 877
List the prime factors of 1313131.
17, 77243
What are the prime factors of 366426?
2, 3, 20357
List the prime factors of 17096806.
2, 1409, 6067
What are the prime factors of 195779?
29, 43, 157
What are the prime factors of 20659508?
2, 47, 109891
What are the prime factors of 8477377?
127, 66751
List the prime factors of 1063953.
3, 11, 977
List the prime factors of 1689762.
2, 3, 281627
What are the prime factors of 127481?
127481
What are the prime factors of 1528492?
2, 7, 7